nd 66?
6
What is the highest common divisor of 13706 and 154?
154
Calculate the greatest common factor of 3724 and 190.
38
Calculate the highest common divisor of 26 and 3146.
26
Calculate the greatest common divisor of 97 and 3104.
97
What is the greatest common divisor of 23 and 299?
23
What is the greatest common divisor of 16 and 976?
16
Calculate the greatest common factor of 228 and 2451.
57
Calculate the greatest common divisor of 4370 and 115.
115
Calculate the greatest common divisor of 266 and 42.
14
Calculate the greatest common divisor of 24 and 57.
3
What is the highest common factor of 306 and 342?
18
Calculate the greatest common divisor of 287 and 7.
7
What is the greatest common divisor of 88 and 55?
11
Calculate the highest common divisor of 36 and 306.
18
Calculate the greatest common factor of 1164 and 13677.
291
Calculate the highest common divisor of 203 and 58.
29
What is the highest common divisor of 1581 and 93?
93
Calculate the highest common divisor of 1146 and 1910.
382
What is the greatest common factor of 208 and 416?
208
What is the highest common divisor of 917 and 35?
7
Calculate the greatest common divisor of 3 and 87.
3
What is the highest common factor of 741 and 51?
3
What is the greatest common divisor of 215 and 301?
43
Calculate the highest common divisor of 90 and 63.
9
What is the highest common divisor of 23 and 8280?
23
Calculate the greatest common factor of 150 and 6.
6
Calculate the greatest common factor of 77 and 11.
11
Calculate the highest common factor of 105 and 42.
21
What is the highest common factor of 15 and 795?
15
Calculate the greatest common factor of 28842 and 11.
11
Calculate the greatest common factor of 525 and 180.
15
Calculate the greatest common divisor of 273 and 78.
39
Calculate the greatest common factor of 399 and 63.
21
Calculate the greatest common factor of 2 and 7.
1
What is the highest common factor of 74 and 7622?
74
Calculate the highest common factor of 1405 and 4496.
281
What is the highest common factor of 1264 and 136?
8
What is the highest common divisor of 4521 and 33?
33
Calculate the greatest common divisor of 80 and 80.
80
Calculate the greatest common divisor of 480 and 15.
15
What is the highest common factor of 6195 and 35?
35
What is the highest common divisor of 301 and 175?
7
Calculate the greatest common factor of 90 and 126.
18
What is the highest common divisor of 804 and 60?
12
What is the highest common divisor of 146 and 4?
2
Calculate the greatest common divisor of 266 and 35.
7
What is the highest common factor of 208 and 52?
52
What is the greatest common factor of 3614 and 104?
26
What is the greatest common factor of 74 and 2?
2
What is the greatest common factor of 675 and 54?
27
What is the highest common factor of 3 and 4119?
3
Calculate the greatest common divisor of 605 and 55.
55
What is the greatest common factor of 2387 and 1736?
217
Calculate the highest common divisor of 418 and 22.
22
What is the highest common factor of 38111 and 23?
23
Calculate the greatest common factor of 28 and 1967.
7
What is the highest common divisor of 11651 and 191?
191
What is the greatest common divisor of 147 and 511?
7
Calculate the greatest common factor of 153 and 369.
9
Calculate the highest common divisor of 48 and 42.
6
What is the greatest common divisor of 96 and 64?
32
What is the highest common factor of 275 and 4829?
11
What is the highest common divisor of 40 and 10?
10
Calculate the highest common factor of 6 and 87.
3
Calculate the highest common factor of 140 and 2086.
14
Calculate the greatest common divisor of 4 and 74.
2
Calculate the greatest common divisor of 80 and 488.
8
What is the highest common factor of 168 and 1232?
56
What is the highest common factor of 22302 and 472?
118
Calculate the greatest common factor of 7842 and 12.
6
Calculate the greatest common factor of 1462 and 68.
34
Calculate the highest common divisor of 712 and 72.
8
What is the greatest common factor of 30 and 110?
10
What is the highest common factor of 1155 and 570?
15
Calculate the highest common divisor of 2625 and 1875.
375
What is the greatest common factor of 82 and 697?
41
Calculate the highest common factor of 3 and 48.
3
What is the greatest common factor of 31 and 2077?
31
What is the greatest common divisor of 30 and 18?
6
Calculate the highest common factor of 17 and 425.
17
Calculate the highest common factor of 52 and 12.
4
What is the greatest common divisor of 2021 and 43?
43
Calculate the highest common divisor of 60 and 12.
12
Calculate the greatest common factor of 512 and 192.
64
What is the highest common divisor of 28 and 32?
4
What is the greatest common divisor of 1332 and 148?
148
Calculate the greatest common factor of 34 and 391.
17
What is the highest common factor of 108 and 49950?
54
What is the highest common divisor of 872 and 109?
109
What is the highest common factor of 15 and 10?
5
Calculate the greatest common divisor of 2774 and 57.
19
What is the greatest common factor of 118 and 5428?
118
Calculate the highest common factor of 14274 and 18.
18
What is the greatest common factor of 417 and 1529?
139
Calculate the greatest common divisor of 60 and 30.
30
Calculate the highest common factor of 129 and 15.
3
What is the highest common factor of 48 and 8752?
16
Calculate the greatest common factor of 11 and 89.
1
Calculate the greatest common divisor of 42 and 81.
3
Calculate the greatest common factor of 18292 and 136.
68
Calculate the highest common factor of 80 and 1660.
20
What is the greatest common divisor of 18 and 3006?
18
Calculate the highest common factor of 5 and 865.
5
What is the highest common divisor of 10 and 125?
5
Calculate the greatest common divisor of 45550 and 50.
50
Calculate the highest common divisor of 10186 and 11.
11
Calculate the highest common divisor of 1776 and 12.
12
What is the greatest common factor of 5508 and 2142?
306
What is the highest common factor of 2 and 128?
2
Calculate the greatest common divisor of 31 and 15593.
31
Calculate the highest common factor of 105 and 1120.
35
What is the highest common factor of 8 and 392?
8
Calculate the highest common factor of 249 and 2241.
249
What is the greatest common factor of 1192 and 24?
8
Calculate the greatest common divisor of 19 and 4.
1
Calculate the highest common divisor of 147 and 91.
7
Calculate the greatest common factor of 1806 and 84.
42
Calculate the highest common divisor of 150 and 40350.
150
Calculate the highest common factor of 75 and 135.
15
Calculate the greatest common factor of 224 and 168.
56
What is the greatest common factor of 48 and 201?
3
Calculate the highest common divisor of 160 and 96.
32
What is the highest common divisor of 185 and 135?
5
What is the greatest common divisor of 1541 and 23?
23
What is the highest common factor of 120 and 13?
1
Calculate the highest common divisor of 5109 and 1048.
131
Calculate the greatest common factor of 585 and 988.
13
What is the highest common factor of 114 and 7638?
114
Calculate the greatest common factor of 798 and 84.
42
What is the greatest common divisor of 9774 and 54?
54
What is the highest common factor of 2537 and 177?
59
Calculate the highest common factor of 136 and 1768.
136
What is the greatest common factor of 152 and 38?
38
What is the greatest common divisor of 105 and 255?
15
Calculate the highest common divisor of 82 and 697.
41
Calculate the greatest common factor of 2 and 338.
2
Calculate the greatest common divisor of 13 and 8333.
13
What is the highest common divisor of 84 and 112?
28
What is the greatest common divisor of 42 and 10731?
21
Calculate the greatest common divisor of 303 and 9.
3
Calculate the greatest common factor of 1664 and 104.
104
Calculate the highest common divisor of 89 and 356.
89
What is the greatest common divisor of 387 and 258?
129
Calculate the greatest common factor of 210 and 1365.
105
What is the highest common divisor of 1833 and 39?
39
What is the greatest common divisor of 10 and 262?
2
Calculate the greatest common divisor of 46 and 12466.
46
Calculate the greatest common divisor of 4000 and 6.
2
What is the greatest common divisor of 12 and 1812?
12
Calculate the greatest common factor of 5500 and 17